 Is x a composite number?
False
Suppose -5 = -5*c + 5. Suppose -2*o + 124 = c*g - 162, -o + 5*g + 137 = 0. Is o composite?
True
Suppose -20 = 6*y - y. Suppose -n + 31 = 4*k, -14 - 6 = 5*k. Is 7/((-14)/y) + n a composite number?
True
Is (748 + 16)*5/4 a prime number?
False
Suppose -z - 715 = -3*s - 237, -3*z = -6. Suppose -2*x + 79 = v, 5*x - 5*v - s = -0*x. Is x a composite number?
False
Let w(s) = 31*s**2 + 2*s + 1. Let r be -5*(-2 - (-14)/5). Let o = -6 - r. Is w(o) a prime number?
False
Let p(m) = 41*m**3 - 2*m**2 + 2*m - 3. Let x be p(2). Let r = -11 + 21. Is x/15 + (-4)/r composite?
True
Let p(f) = 5*f**3 + f**2 - 2*f + 1. Let w be p(1). Let m(y) = y**2 + 4*y - 2. Is m(w) composite?
False
Let r(m) = -m**3 - 5*m**2 - 4*m - 2. Let z be r(-4). Is z/(-10) - (-328)/10 composite?
True
Let d be 150/(3/1) + 1. Suppose -17*r + 16*r = -d. Is r composite?
True
Suppose -26 = 2*m + 3*b, -4*m - 42 - 6 = 5*b. Is -31*(-5)/((-5)/m) a prime number?
False
Suppose -6*z + 295 = -z - 5*d, 4*d - 12 = 0. Let b(x) = z*x**2 - 11*x**2 - 1 + 3*x**2. Is b(1) a composite number?
False
Suppose 2*w = -28 + 4. Let j be 10/6 + (-4)/w. Suppose j*l - 109 = l. Is l prime?
True
Suppose 3*t = 4 + 2. Suppose -t*g + g + 95 = 0. Is g a composite number?
True
Let f be 0/(-3 - -1) + -4. Is ((-22)/f)/((-4)/(-104)) a prime number?
False
Suppose -l + 521 = -3*h, -l = -h - 3*l - 162. Suppose b = -2*b - 243. Let z = b - h. Is z a composite number?
True
Let u(c) = 141*c**3 + 2*c + 1. Suppose -5 = 4*y - 1. Let p be u(y). Is p/(-4) - 2/4 a prime number?
False
Let v(d) = -d**3 - 118. Let l be v(0). Let o = l - -205. Is o composite?
True
Let p(r) = 47*r**2 - 2*r - 2. Let x(j) = -j - 6. Let s be x(-9). Is p(s) prime?
False
Is 4/6 - 3386/(-6) a prime number?
False
Let v(b) = b**2 - 11*b + 8. Let s be v(11). Suppose 4*n - 2*n = s. Suppose 2*a - 3*d = -0*d + 62, n*a - 164 = -4*d. Is a prime?
True
Suppose -2*v = 4*l - 1370, 1370 = 2*v + 3*l - l. Is v composite?
True
Let r(t) = 3 + 4 - 12 - 7*t. Let c(p) = 8*p + 4. Let i(y) = 6*c(y) + 5*r(y). Is i(6) composite?
True
Let m(t) = 263*t**3 - t**2 - t + 1. Let w = 0 + 1. Let x be m(w). Suppose -3*q + 0*o = 5*o - x, 4*q = -3*o + 353. Is q a composite number?
False
Suppose 5*u - x - 951 = 0, -2*u - 2*u = x - 768. Is u composite?
False
Let u = 69 + -4. Is u a composite number?
True
Suppose -4*v = 8, j + 3*j - 3550 = -3*v. Is j composite?
True
Let y(o) = -4*o**2 - 5*o + 4. Let v(c) = c**3 - 8*c**2 + c - 4. Let f be v(8). Let j(k) = -4*k**2 - 6*k + 5. Let b(u) = f*j(u) - 5*y(u). Is b(-3) composite?
True
Let m(w) = w**3 - w**2 + 3*w + 319. Is m(0) a composite number?
True
Let i be (-1)/(88/30 + -3). Suppose -3*s = i, 0 = 2*k - s + 146 - 573. Is k a composite number?
False
Is (402 - -5)/(0 + (-1)/(-1)) a composite number?
True
Let a = 174 + 2711. Is a prime?
False
Suppose n = 4*j - 410, 80 + 132 = 2*j - 4*n. Let t = -71 + j. Suppose t = 2*b + 3. Is b a prime number?
False
Let k be (1 + -2 - -1)/(-2). Suppose -4*c + 4 + 16 = k. Suppose -c*b = -167 - 18. Is b a prime number?
True
Is 105*1 - (6 + -4) a composite number?
False
Is (-5 + 667)*1/2 a prime number?
True
Let o = 7 + 73. Let k = o + -3. Is k prime?
False
Let l = 987 - 542. Is l a prime number?
False
Let l be 2/(-11) - (-240)/110. Suppose 6*h - 436 = l*h. Is h prime?
True
Let k = 98 - 24. Suppose p + 193 = 5*i + 2*p, 2*i - k = -2*p. Is i a composite number?
True
Let q = -92 - 57. Is -3 + 4 + -1 - q a composite number?
False
Suppose v - 4*v - 75 = 0. Let o = v + 58. Is o prime?
False
Let g = 141 + -38. Let n = -72 + g. Is n prime?
True
Suppose m - 7 = 4*z, -3*m - z + 7 = z. Suppose -y - y + 5*t + 81 = 0, 0 = -2*y - m*t + 121. Is y a prime number?
True
Let o(p) = 8*p**2 - p + 44. Is o(23) a prime number?
True
Suppose 2*q - 3680 = 678. Is q composite?
False
Let h be 6396/33 + (-4)/(-22). Suppose 41 = 2*o - 61. Suppose -5*b = -o - h. Is b a prime number?
False
Let l be (-8 + 7)/(2/(-8)). Suppose l*u + 2*u = 2874. Is u composite?
False
Suppose -3*j - u - u = -613, -5*j - u + 1010 = 0. Is j prime?
False
Suppose o = -3*t - 1, 2*o + 7 + 3 = 2*t. Let g be (2 + -1)/t*-2. Is g/(-1) - (2 + -35) prime?
False
Suppose -1130 = -5*g + 805. Let l = g - 210. Is l composite?
True
Suppose 5*h = 4*b - 13, 2*h + 5 = 5*b + 7*h. Let y(m) = 7*m**2 - 17*m - 1. Let q(p) = 3*p**2 - 9*p - 1. Let j(c) = b*y(c) - 5*q(c). Is j(5) a composite number?
True
Suppose -6105 = -7*u - 8*u. Is u composite?
True
Suppose -p - 2*p = -540. Let g = 433 - p. Is g prime?
False
Let y(a) = -55*a + 6. Is y(-9) prime?
False
Let o(z) = 16*z**2 - 7*z - 22. Is o(-9) composite?
True
Is 4/2*13716/72 a composite number?
True
Let i = -8 - -11. Suppose 2*r + r + 93 = i*o, 0 = 4*o + 4*r - 156. Is o prime?
False
Suppose 5*m - 3478 = -s - 2*s, -s + m + 1146 = 0. Is s a composite number?
False
Suppose 66 = j + j + 5*f, 116 = 3*j - f. Let l be j/9 - (-2)/(-9). Suppose l*q + 161 = 733. Is q a composite number?
True
Let j(x) = 2*x**2 - 2*x - 1. Is j(12) composite?
False
Is (-1215)/(-39) - 4/26 composite?
False
Let s be 884/13 + (-2)/2. Let t = s + -45. Is t a composite number?
True
Suppose 5*x + 5 = 0, -704 = -5*h - 0*x - x. Is h composite?
True
Suppose -2*d + 161 = -d. Suppose -2*b - g = -3*b + 164, -4*g - d = -b. Suppose 0 = 4*w + w - b. Is w prime?
False
Suppose 13 = 2*u + 4*x - x, -3*x = -9. Suppose -u*i = 175 - 537. Let z = -128 + i. Is z prime?
True
Suppose -664 = -4*s + 212. Suppose 2*p = 3*p - b - 382, 3*b = -6. Let a = p - s. Is a a composite number?
True
Is (-1*1)/(11/(-231)) a composite number?
True
Let g = 42 + -20. Let a = g - 15. Suppose 3*p + 184 = 2*w, -a*w + 439 = -2*w + 3*p. Is w a prime number?
True
Let x = -156 - 26. Is ((-7)/(-14))/((-1)/x) a prime number?
False
Let s be (-1)/(3/(-6)) + -29. Let i = 48 + s. Is i prime?
False
Let y be (-1)/(2/16) - 0. Let r(w) = -24*w - 3. Let z be r(y). Suppose -46 = -5*u + z. Is u a composite number?
False
Suppose 8*a - 4*a - 4*r = 520, 0 = -3*a - 3*r + 396. Is a composite?
False
Is (-4 - (-13)/3)*381 a prime number?
True
Suppose 820 = 4*p + 5*c, 4*p + 4*c = c + 820. Is p a composite number?
True
Let b = -643 + 962. Is b a prime number?
False
Suppose -t - 4 = t. Let b = 45 + t. Let q = b - -72. Is q a composite number?
True
Suppose -1757 = -6*k + 157. Is k a composite number?
True
Let o(u) = 22*u - 2*u - 1 + 1 - 3. Let g(n) = 21*n - 4. Let v(b) = 4*g(b) - 5*o(b). Is v(-1) a prime number?
False
Let r = 113 + -76. Is r a composite number?
False
Let s be ((-12)/8)/((-6)/16). Suppose s*o + 48 = -5*l, -23 = 2*o + 2*l + 3. Let y = 28 + o. Is y a prime number?
True
Suppose i + 336 = 2*i - 3*v, 0 = 2*i + v - 637. Is i a composite number?
True
Is (1/3)/(6/8118) prime?
False
Let m(d) = -d**2 + 11*d + 12. Let k be m(12). Is 385/(-10)*(-2 - k) prime?
False
Suppose 0 = 2*g + c + 5, 4*g = -0*g + 5*c - 31. Let f(a) = a**3 + a**2 - 6*a - 1. Let i be f(g). Let x = 39 + i. Is x a prime number?
False
Suppose b = -3*i + 144 - 635, 2*i - 3*b = -342. Let j = i + 256. Is j prime?
False
Let r(m) = 3*m**3 - 2*m**2 - 2*m + 2. Let b be r(-2). Is 2*3/(-12)*b a prime number?
True
Let p = -3 - -8. Suppose p*t - 23 = -3*m + 14, 33 = 5*t + 2*m. Suppose -t*l + 64 = -61. Is l a prime number?
False
Let d(x) = x**3 + x**2 + 5*x + 3. Let z be d(4). Suppose 4*i - z = -11. Is i a composite number?
False
Suppose -2*s + x = -x - 1386, 1386 = 2*s + 5*x. Let u = s - 386. Is u composite?
False
Is 26 + 8/(-4) + -2 composite?
True
Suppose -4*a + 5*a = 317. Is a a composite number?
False
Let s = -276 + 527. Is s a composite number?
False
Is (254/(-4))/(1*5/(-10)) composite?
False
Let q(j) = -12*j**3 + 2*j + 3. Suppose -4*z - 2*x = -2, -2*x = 3*z - 1 - 3. Is q(z) composite?
True
Let o be (21/(-6) + 3)*-74. Let h = -53 + o. Is 174/8 + (-4)/h composite?
True
Let v(o) = o**3 + 3*o. Let k be v(3). Let y be 2/(-5) + (-367)/(-5). Let a = y - k. Is a prime?
True
Let k be 876/(-22) + 18/(-99). Suppose 3*f = 379 + 122. Let r = f + k. Is r a prime number?
True
Is (967/4 - (-2)/2)*4 a prime number?
True
Let g = -6 - -4. Let t be (g - -28)*26/4. Let m = t + -116. Is m a composite number?
False
Let p = -109 - -52. Let r = 3 + -9. Let z = r - p. Is z a composite number?
True
Let k(m) = -62*m**2 + 6 + 66*m**2 - 3. Is k(-8) composite?
True
Let a = 3 + 0. Let b = a - 1. Supp